 be h(23). Suppose -88*n = -q*n - 432. What is the greatest common factor of 18 and n?
18
Suppose -864 = -20*g + 436. Calculate the highest common divisor of g and 8125.
65
Let w(r) = -15*r**2 - 749*r + 50. Let f be w(-45). Calculate the highest common factor of f and 20.
20
Let f(u) = -15*u**3 + 1. Let c be f(-1). Let l(s) = 2*s**3 + 59*s**2 + 21*s - 231. Let h be l(-29). Calculate the greatest common factor of c and h.
1
Let n be -4*(308/32 + 27/72)*-2. What is the highest common divisor of 80 and n?
80
Suppose 4*i = -4*q + 20456, 38650 = 5*i + 4*q + 13085. What is the greatest common factor of i and 39?
39
Suppose 0 = 73*i - 2079 - 1501 + 733. Calculate the highest common divisor of i and 22269.
39
Suppose -34*n + 14*n + 210 = 22*n. Let d = -12 - -25. Calculate the highest common divisor of d and n.
1
Suppose 0 = -5*w + 6 - 1. Let n be w*(109/2)/(2/12). Let r = n - 187. Calculate the greatest common factor of r and 35.
35
Suppose -2*s + 1014 = 2*w, 4*s - 1533 = w + 495. Calculate the greatest common divisor of 78 and s.
39
Let u be 96670/6 + (12/9 - 1). Suppose -54*z = -16*z - u. Calculate the highest common factor of z and 16.
8
Let n = -123 - -277. Let b = 684 + -414. Let m = b - 256. Calculate the greatest common divisor of m and n.
14
Let o be (3 - 7)*-24 - 1. Let f = 97 - o. Suppose w + 4*y - 6 - 6 = 0, -4*w - 4*y + 48 = 0. Calculate the greatest common factor of f and w.
2
Let w be (-6)/(1*(-4)/44). Let s be 129904/353 - 1/(3/(-15)*-1). Calculate the highest common divisor of w and s.
33
Let h(r) = 5*r - 99. Let k be h(22). Suppose -k*j = -31*j + 2940. Calculate the greatest common factor of j and 49.
49
Let m = 606 - -148. Calculate the highest common factor of m and 130.
26
Suppose 3*d + 4*z = 422, -6*z + 353 + 67 = 3*d. Calculate the highest common factor of 8 and d.
2
Let g = -22 - -27. Let q = 0 - 22. Let f(a) = -a**3 - 20*a**2 + 42*a - 19. Let l be f(q). What is the highest common divisor of l and g?
5
Suppose -140*j + 1007062 + 65758 = 0. Calculate the highest common factor of 79 and j.
79
Suppose 498*b = -f + 497*b + 40, 0 = 3*f - 2*b - 170. Suppose -4*a = g - 182, -g - 337 = -3*g + a. Calculate the highest common divisor of g and f.
10
Suppose 0 = 3*o + l - 7569, 2516 = 10*o - 9*o - 2*l. Let v = 3710 - o. Calculate the highest common divisor of 44 and v.
44
Suppose 0 = 4*u - 5*u + 23. Suppose u + 22 = o. Let a = o + -21. Calculate the greatest common factor of a and 12.
12
Suppose -81 = -3*d - 75. Suppose -d*l - 288 = -2*z, 0 = -2*z + 4*z + 3*l - 308. Calculate the greatest common divisor of 37 and z.
37
Let h = 205 + -200. Suppose -4*j + h*m = j - 60, m = -5*j + 48. Calculate the highest common divisor of j and 40.
10
Suppose 5*w + 0*c = 5*c + 1020, 15 = -5*c. Let b = -92 + w. Let t = 163 - b. Calculate the greatest common factor of 6 and t.
6
Let x(c) = -c + 16. Let a be x(-7). Suppose a*r = 21*r + 16. Let j(f) = -3*f + 2. Let o be j(-2). Calculate the highest common factor of o and r.
8
Suppose -2*o - 5*u - 10 = -0*o, 0 = 3*o - 5*u - 35. Suppose o*q + 35 - 100 = 0. What is the greatest common divisor of q and 143?
13
Let a = 2713 - 1591. Calculate the greatest common divisor of a and 48.
6
Suppose -42494 + 41598 = -8*z. What is the greatest common factor of z and 1064?
56
Let l = 275 + -147. Suppose 51 = 131*o - l*o. Calculate the greatest common factor of 85 and o.
17
Let o(c) = 10*c**2 - 51*c + 842. Let v be o(11). Calculate the greatest common factor of 852 and v.
213
Let n = 281 - 289. Let b be (-10)/n - (-6)/(-24). Calculate the highest common factor of 27 and b.
1
Suppose -1161 = 3*p - 6*p. Let n(c) = 100*c - 8357. Let q be n(84). Calculate the highest common factor of q and p.
43
Let i = -48 + 50. Let r be i*(-1)/2*(-3 - 118). What is the highest common divisor of r and 11?
11
Let a = -8275 - -10999. Calculate the greatest common divisor of 12 and a.
12
Suppose 21*v = 9 + 33. Let u be (-8)/((-52)/16 + 3). What is the highest common divisor of u and v?
2
Let z = -2711 - -4422. Suppose -13*k + z = -421. What is the greatest common divisor of k and 41?
41
Suppose -6 = -6*w - 36. Let l(f) = 32*f + 165. Let q be l(w). Calculate the highest common divisor of 40 and q.
5
Let d(c) = -c + 1. Let h be d(0). Suppose -3*n - 184 = 5*j + 108, 0 = 2*j - n + 108. Let u = -47 - j. Calculate the highest common factor of h and u.
1
Let l(c) = 5*c + 79. Let v be l(-13). Let z = -28 + 35. Suppose 31 = -z*d + 423. What is the highest common divisor of d and v?
14
Suppose 11*p = 982 + 17765 + 20413. Calculate the highest common factor of p and 100.
20
Suppose -2385 = -309*d + 10284. What is the highest common divisor of d and 25?
1
Let j = -36 - -153. Let f = -48 + j. Let s be f + 0 + 4 + -5. Calculate the greatest common factor of s and 34.
34
Let k be ((-14)/(-14))/((2*-1)/(-4)). Suppose k*t = -8*t + 40. Let g be (54/3)/((t - 0)/20). What is the highest common factor of g and 36?
18
Let t(f) = f**3 + 61*f**2 - 5*f + 276. Let g be t(-54). What is the greatest common factor of g and 14?
14
Let p(i) be the third derivative of i**5/20 + i**4/2 - 8*i**3/3 - 30*i**2. Let y be p(-16). Calculate the highest common factor of y and 35.
35
Let p(o) = o**2 + 7*o + 24. Let t be p(-9). Suppose 5*z = g + 1757 - 77, 4*g - 672 = -2*z. Suppose 2*s = 3*s - z. What is the highest common divisor of s and t?
42
Suppose k - 342 = -3*f + 2*k, -5*k = -15. Suppose 0 = 13*v - 11*v + 5*w - 117, -10 = -2*w. Calculate the highest common divisor of f and v.
23
Let n = 2545 - 2518. What is the highest common factor of 1593 and n?
27
Let h = 13 + -9. Suppose 0 = -h*r + 4*b + 204, 2*r - 137 = -0*r - 5*b. Let k(a) = a**2 + 4*a - 4. Let v be k(2). What is the highest common factor of v and r?
8
Suppose 2*l + 12*l - 7462 = 0. Let f = l + -502. Calculate the highest common divisor of f and 279.
31
Let d(w) = -4*w**2 - 82*w - 116. Let r be d(-18). Calculate the greatest common divisor of 144 and r.
16
Suppose -5461 = -153*t + 20702. What is the highest common factor of 3933 and t?
171
Let o(j) = 11*j**2 - 204*j + 1308. Let p be o(6). Calculate the greatest common factor of p and 6120.
120
Suppose 13*a + 48 = 25*a. Suppose -2 = 2*n + a, -5*n = 3*q - 33. Let u = 29 - q. Calculate the greatest common divisor of 65 and u.
13
Let k(y) = -30*y - 10. Suppose -4*w = a + 10, -4*w - 2*a = 7 + 5. Let s be k(w). Suppose 0 = 34*b - 39*b + s. Calculate the greatest common factor of b and 30.
10
Let a(w) = 8*w + 4. Let i be a(7). Suppose 69 = 2*c - 175. Let v = c - 98. What is the greatest common factor of v and i?
12
Suppose 68*v = 66*v - 12, 4*p - 19398 = 5*v. Calculate the greatest common divisor of p and 54.
18
Suppose 13*u = 11*u + 10. Let n be (4/(-6))/((u/60)/(-1)). What is the highest common divisor of 28 and n?
4
Let t(y) = y**2 - 13*y - 184. Let x be t(-11). What is the highest common factor of 940 and x?
20
Let z be -6 + (-60)/9*-9. Calculate the highest common divisor of z and 138.
6
Suppose -61 + 51 = -2*w. Suppose w*r - 10 = 0, -4*o + 4*r + 11 = -33. Calculate the highest common factor of 169 and o.
13
Let l(y) = 38*y**2 + 54*y + 111. Let u be l(-2). What is the greatest common factor of 45 and u?
5
Suppose -2*c - c + 48122 = 4*u, 0 = -2*c - 12. Calculate the highest common divisor of u and 145.
145
Suppose -y - 2*y = -h, y = -2*h. Suppose h = 18*k - 28 - 584. Calculate the highest common factor of k and 187.
17
Let u(l) = 2*l**2 - 44*l + 526. Let g be u(12). Let j(i) = -4*i + 6. Let o be j(-5). Calculate the highest common divisor of o and g.
26
Let j = -36 + -21. Let k = 53 + j. Let q be 2/((-14)/4 - k). Calculate the greatest common factor of 5 and q.
1
Let h be 11469/2 - (-7)/(-14). Calculate the highest common factor of 94 and h.
94
Suppose 0*x - 2*x = -42. Suppose -11*c + 1109 = 2*d, 247*c - 992 = -2*d + 245*c. Calculate the highest common factor of d and x.
21
Let o be ((-14112)/360)/(2/(-20)). Let s(j) = 5*j + 4. Let a be s(2). What is the highest common divisor of o and a?
14
Let v be (-4 - -8)/((-14)/(-70)). What is the highest common divisor of 785 and v?
5
Suppose -22 = -2*n - 16. Let w be (n - 4)/(3/(-12)). Calculate the highest common factor of w and 18.
2
Suppose -181 = 6*q - 1057. Let j be (-2)/(-7) - (-3412)/14. Suppose 0 = 3*l - m - q, -4*l - m = -9*l +